 4.
-2
-5 + 1 + 3 - (3 - 5)
1
Evaluate 0 - (0 - (3 + -8)) - -6.
1
20 + -8 + (-18 - -11)
5
Calculate 6 - 10 - ((1 - -2) + -11).
4
Evaluate -2 + -17 + 21 + (0 - -1).
3
2 + 4 + (-4 - (-2 - -4))
0
Calculate 0 + (-1 - (2 + 0)) + 2.
-1
Evaluate (-1 - (-3 - -1) - 2) + -2.
-3
Evaluate -2 + (1 - (3 - 1)) + 2.
-1
Evaluate (-1 - 0) + -9 + 6.
-4
Calculate -10 + 14 + 4 - 19.
-11
What is the value of 2 + -1 - (-1 - 0)?
2
Evaluate -1 + 8 + (-35 - -31).
3
What is 0 - 1 - 4 - -3 - -7?
5
-40 - -44 - (0 + 5)
-1
Calculate 1 + -3 + -7 - (-32 - -29).
-6
Evaluate (1 - 5) + (1 - -2) + -4.
-5
What is -53 - -46 - (-4 + -1)?
-2
(1 - -3 - (14 + -12)) + -1
1
What is the value of -2 + -6 + 6 - -4?
2
What is -5 + -1 - (-5 + (2 - 4))?
1
Evaluate -5 + -1 + 0 + 3 + 0.
-3
11 + 0 + 1 + -10 + 4
6
-13 - -14 - -2 - (5 + 0)
-2
Evaluate -7 - (-4 - (-2 - -2)).
-3
-1 - (2 - (12 + -8))
1
What is the value of -2 + (-5 - (-2 - 4))?
-1
Calculate (-5 - 2 - (-20 + 12)) + 0.
1
What is 2 - ((-4 - (-13 - -4)) + -7)?
4
Calculate (-4 - 0 - (0 + 0)) + 1.
-3
Calculate -5 + 9 - -2 - (5 + 0).
1
22 + -17 + -1 + 1
5
1 + -8 + (5 - (-2 - -5))
-5
Calculate 0 + (5 - 5) + -3.
-3
17 + -20 + (-2 - 0 - -1)
-4
What is the value of -5 + 2 + -66 + 58?
-11
Evaluate 7 + (4 - 8) - (4 + -3).
2
What is -2 - ((-3 - 4 - -9) + 3)?
-7
What is 2 + 0 + -2 + -2?
-2
What is the value of 7 + (-17 - -6) + 1?
-3
What is (-8 - -3 - -1 - 0) + 2?
-2
What is 10 + -6 - (5 + 4)?
-5
Calculate 1 - (5 - (-4 - -11 - 4)).
-1
-1 + 1 + (8 - 6) - 5
-3
Evaluate -2 - (-2 - (2 + 0)).
2
Evaluate -10 + 4 + -1 + 5.
-2
What is the value of -2 + 6 + -7 + 9?
6
Evaluate 9 - 6 - (0 + -4 - -8).
-1
Calculate -1 - (-12 + 3) - (-3 - -2).
9
Calculate -30 + 22 - (-4 + -1 + 1).
-4
Calculate 1 + (3 - 7) + (1 - -6).
4
-1 - -8 - 3 - -5 - 1
8
What is -3 + -1 + 11 + -5?
2
Calculate (-6 + 2 - (3 + -4)) + 6.
3
3 - (-1 - -2) - (-43 + 48)
-3
Evaluate (-11 + 22 - 24) + 14.
1
Calculate (-6 - 1 - -1) + 3.
-3
(11 - 6) + -5 - -4
4
4 - (-1 + 3 + -2)
4
What is the value of 3 - (6 - (6 + 0))?
3
What is the value of -3 + (4 - (5 - 2)) + 2?
0
What is 3 + (0 - 2) - (1 - -2)?
-2
5 + (-4 - (5 - (1 - -8)))
5
0 + -1 + (-6 + 2 - -2)
-3
Evaluate 0 + -4 + 6 + 2 + -2.
2
(14 - 5) + -5 + -4
0
-3 - (-2 - (2 + -5 + 3))
-1
Evaluate -8 - (4 - (1 - -6)).
-5
-2 - (0 + (-2 - 0))
0
What is (0 - -1 - 4) + -1 + 1?
-3
Calculate 1 - (3 + 0 + -2) - 1.
-1
What is the value of 7 - (-2 + 18 - (-2 + 4))?
-7
What is the value of 11 - ((5 - -5) + -6 + 2)?
5
What is the value of (9 - (-2 - -7)) + -6?
-2
What is 7 + 1 + -1 + (12 - 17)?
2
-13 - 0 - (-6 - -4 - 6)
-5
What is 3 + (5 - ((-13 - -6) + 9))?
6
What is the value of -7 - -10 - (-3 + -1) - 13?
-6
What is the value of (-9 + 15 - (7 - 1)) + 2?
2
Calculate (14 - 8 - 10) + 0.
-4
(1 - -11) + -202 + 201
11
Evaluate 1 - (-11 - -3 - (-7 - -1)).
3
4 + 0 - (-5 + -2 + 7)
4
What is 1 + -7 + (10 - 6 - 2)?
-4
What is the value of -1 - (-16 - -11 - (1 - 2))?
3
9 - (1 - -2 - -3)
3
Evaluate 5 + (4 - 14) + 1.
-4
-3 + 2 - (-4 + -8 + 6)
5
Calculate (9 - 8) + -10 - -3.
-6
What is 9 + (-1 - 2) + -2 + -1?
3
-2 - ((-3 - -6) + -1)
-4
-4 - (-1 + -4 + 0)
1
Evaluate 1 - 3 - (2 - 9).
5
Evaluate 5 + (-2 - (-6 + 4)) + -3.
2
Calculate (0 - -2) + (-13 - -16).
5
What is 1 + 1 + (4 + -2 - 2)?
2
Evaluate -2 - (10 - (2 + 2)).
-8
What is (3 - 8 - (1 + -1)) + 10?
5
What is the value of -6 - 0 - -4 - 2?
-4
Calculate (1 - -6 - 3) + (-1 - 8).
-5
Calculate 0 - 1 - (-67 - -67).
-1
(-20 + 9 - -8) + 4 + 0
1
Evaluate 3 + (1 - 1 - (17 + -21)).
7
What is 0 + -12 + 5 + 14?
7
Calculate 17 + -9 + 0 + -9.
-1
Evaluate -4 + -3 + (-8 - -5) + 4.
-6
Evaluate -1 - (-3 - (-4 + 1)) - 1.
-2
2 - (-6 + 3) - 4
1
-269 - -266 - (-1 - (-1 + -2))
-5
Evaluate 4 - (-11 - -12) - 1.
2
What is the value of -1 - (-4 + (8 - 1) + -3)?
-1
What is 4 - (-4 + 1 + 7)?
0
What is the value of (-28 - -26) + (-1 + 3 - 5)?
-5
What is 0 + 0 - (-1 + -1)?
2
1 - -4 - (-1 + 2)
4
What is the value of -1 - (-4 - (0 + -3 + -3))?
-3
Evaluate 0 - (6 + (-4 - 5)).
3
Calculate (-1 - 0 - 0) + (-3 - -2).
-2
What is -4 + 13 + (-3 - 3) - -4?
7
(0 - 0 - -3) + -8 + 2
-3
What is the value of 3 - 1 - (3 + -1)?
0
Calculate (17 + -7 - -8) + -10.
8
Calculate (3 - -2) + (-12 - -7).
0
What is the value of -6 + (7 - 6) + 13 + -18?
-10
Evaluate 1 - (-3 + 7) - (-8 - -2).
3
What is the value of -1 + 5 + -2 + (2 - 4)?
0
Calculate -1 + 1 - (2 - 5).
3
What is -2 + -1 + (-4 + 1 - -2)?
-4
Evaluate 1 + (5 - 7 - 1).
-2
Calculate -2 + 2 - (2 - -3).
-5
1 - (-3 - ((4 - 0) + -3))
5
What is (6 - (4 + 2)) + 2?
2
What is the value of 16 + -18 + (-3 - -1)?
-4
Calculate -2 + (-2 - 0) - (3 - 4).
-3
-9 - (-7 - -5) - -12
5
What is (68 - 67) + -1 + -3?
-3
What is the value of (6 - 4) + (0 - -1) + 0?
3
-1 + 3 + 2 + 0 + -4
0
Evaluate -4 + -7 + 0 - -18.
7
What is (-5 - (-9 + 6)) + 4?
2
10 - ((4 - 16) + 14)
8
Evaluate (3 - -8) + (1 - -1) - 7.
6
Calculate (21 - 18) + (-3 - (0 + 2)).
-2
Evaluate 7 + 4 + -15 + 7.
3
What is 1 + -1 + -3 + 4 - -2?
3
Evaluate -4 - (8 + -5 + 11 + -23).
5
-16 + 22 - (-1 - -4)
3
Calculate (-4 - -7) + -8 + -2 + 3.
-4
Evaluate (7 - 4) + (1 - 0).
4
What is the value of 0 + -2 + 4 - -1?
3
What is (8 - 8 - (2 - 0)) + 1?
-1
What is the value of (2 - 5) + -2 + 3?
-2
What is -3 + (9 - 15) - (1 - 6)?
-4
What is -21 + 25 + (9 - 24)?
-11
(-5 - (-6 + 3)) + -1 + -2
-5
Calculate -5 + 0 + (5 - 2).
-2
What is the value of 6 - -2 - 7 - -2?
3
3 - (-9 - -7) - 3
2
Evaluate (-5 - (-4 + -1) - -7) + -4.
3
-4 - 1 - (-6 - (-11 - -2))
-8
Calculate (-5 + 5 - 1) + -2.
-3
What is the value of 2 + (3 - (3 + -3 + 1))?
4
Evaluate 3 + 4 + -10 + 1.
-2
What is (-7 - -8) + (-2 - -1)?
0
What is the value of 3 - (3 + 3 - 4 - 4)?
5
Calculate 9 + 4 + -8 + -8 + -2.
-5
What is 6 - (15 + -13 + 5)?
-1
Evaluate (6 - 2) + -7 + 3.
0
What is the value of -7 + 6 + 6 + -6?
-1
(163 - 153) + (-1 - 0)
9
What is the value of 4 + (-8 - (0 + -9))?
5
Evaluate (12 - (-13 + 11)) + -11.
3
What is -4 - 2 - (-2 + 3 + -3)?
-4
What is the value of -3 + -2 + 12 + -9?
-2
What is (-3 - (3 + 0)) + 4?
-2
Evaluate 6 - (-3 + 2 + 5).
2
(5 - -1) + -15 + 3
-6
What is 4 - (-4 - -14 - 8)?
2
-22 + 18 + 1 + 7
4
What is the value of 5 + (-3 + -2 - -1)?
1
(-3 - -2) + 2 - -4
5
What is (6 - 5) + 5 + -1?
5
Calculate (5 - 0) + -5 + 3 + -1.
2
Evaluate -3 + (-12 + 17 - -4).
6
Evaluate 5 + 2 + 3 + -5 - 0.
5
Evaluate -8 + 8 - (2 - (2 - 2)).
-2
Calculate 2 + 0 - (0 - -6).
-4
Evaluate 1 + -1 - (-2 + 1 - -1).
0
What is the value of -1 - ((4 - 3) + 1)?
-3
What is -4 + 4 + -5 + 5 + -4?
-4
Calculate 0 + (-5 - -8) + -6.
-3
What is -5 + (2 - 2) + 8?
3
What is the value of -11 + -1 - (80 + -83)?
-9
Calculate 0 + -3 + 1 + 7.
5
Evaluate 1 + 2 + (-2 - (3 + -4)).
2
What is the value of -1 - (-6 - (-5 - 0))?
0
Calculate -1 - 2 - (0 - 4 - -3).
-2
What is the value of 0 - (-2 + 1 + -2 - -3)?
0
What is the value of -5 + 2 + (-2 - -1) + 1?
-3
Calculate (-3 - (-2 + -2)) + 4.
5
(14 + 2 + -7 - 14) + 9
4
-10 - -11 - (2 + -6 - -11)
-6
1 + -11 + 11 - (1 - -1)
-1
What is -48 - -52 - (0 + 1)?
3
What is the value of 1 - (-4 - (-4 - -3))?
4
1 - 8 - (2 - (0 + 6))
-3
Evaluate -3 + (-4 - (-12 + 0)) + 2.
7
Calculate 11 - 2 - 1 - 14.
-6
What is the value of 14 + (-3 - -4 - 12)?
3
Evaluate 2 + -7 + 29 + -29.
-5
What is 6 + (3 - 4) + (-1 - 1)?
3
(1 - -3) + -11 - -5
-2
Evaluate -4 + 1 + 2 + 0 - 4.
-5
Evaluate -6 + 2 + 2 - (-1 + -1).
0
What is the value of 3 - 5 - (2 - 9)?
5
Calculate 6 + 0 - (97 - 86).
-5
(-29 - -21) + -1 + 2 + 0
-7
(-69 - -66) + (2 - 4) + -1
-6
What is the value of -2 + (-3 - -1 - (1 + -3))?
-2
(-1 - (-8 + 6)) + -1
0
(-14 + 6 - -7) + -3
-4
What is the value of 0 + 0 - (-3 - -1)?
2
11 - (-2 + -1 - -10)
4
Evaluate 1 + 8 + -2 + -2.
5
Evaluate -1 + (2 - (3 + (-4 - 0))).
2
What is the value of (8 - 7 - 5 - -3) + -6?
-7
(0 - 1) + (-2 - -2 - 3)
-4
Calculate (0 - -8) + -2 + 48 + -59.
-5
(-6 - (-14 + 12)) + 2
-2
What is the value of 2 - (0 + -2) - (13 + -9)?
0
(10 - 9) + -7 - -12
6
Evaluate -102 + 97 - (0 - -1).
-6
Evaluate 5 + (8 - 13 - (-1 - -1)).
0
What is the value of 6 - (13 - 6) - 1?
-2
What is -19 + 5 + 7 + 1 + 13?
7
Calculate (6 - 1) + 2 - (11 - 7).
3
What is -2 - (0 - 1) - (-24 - -30)?
-7
What is (9 - 1) + -22 + 16?
2
What is (8 - 8 - 2) + 5?
3
What is -3 - (-1 + -5 - -7) - -4?
0
What is the value of 4 - (-1 + 2) - (6 + -1)?
-2
Evaluate (-29 - -27) + -1 + 6.
3
1 + 1 + 